e the third derivative of v**4/24 - 16*v**2. Let h(x) = 14*x - 1. Let p(j) = 5*b(j) - h(j). Give p(m).
-8
Let s(r) = -3*r - 2 - 3 + 1 + 3. Let a be s(-1). Let t(v) = a - v - 3 - 9. What is t(-5)?
-5
Let t = -56 + 176. Suppose 3*k = 5*i - 394, 2*k - t = 3*k + 4*i. Let o be (-110)/(-16) + (-16)/k. Let c(v) = v**2 - 7*v + 1. What is c(o)?
1
Let j(a) = a - 3. Suppose -w + 3*f + 4 = 0, 25*w - 21*w = 4*f - 16. Give j(w).
-11
Let n(j) = j - 6. Let c(r) = -2*r. Let z(k) = -3*c(k) - 3*n(k). Give z(-8).
-6
Let o be (0 - 2)/(-1)*1. Suppose 2*q + 16 = 4*d, -d + 3*q + 10 = 1. Let l(f) = -f**2 + 1 - f**2 + 6 + d*f**o - 6*f. Determine l(6).
7
Let q = 30 + -34. Let f(v) be the first derivative of -3*v**2/2 - 5*v - 13. What is f(q)?
7
Let y = -15 - -18. Let a(t) = -4*t**2 + 3*t + 14 - t**3 - 4 + 0*t**2 - y*t**2. Let c(w) = -2*w + 1. Let r be c(4). Calculate a(r).
-11
Let x(t) = -5*t**2 - 2*t - 2. Let z(o) = 27*o**2 + 9*o + 9. Let b(c) = 11*x(c) + 2*z(c). Calculate b(-7).
-25
Let y(p) be the first derivative of -p**3/3 - 5*p**2 + 8*p - 22. Suppose -4*a + 4*s = 24, 3*a + 0*a + 2*s = -43. Calculate y(a).
-3
Let q be 5/5*7 - -3. Let u(k) = -4*k + 41. Calculate u(q).
1
Let k be (-1)/(-2) + (-14)/4. Let j = -27 + 34. Let n(p) = -4*p - p + j*p + 2*p**2 + p. Give n(k).
9
Let o(a) = -2 + 19*a**2 - 2 + 3 + 0. Let x = -23 - -16. Let n = 6 + x. Give o(n).
18
Let r(o) = 3*o - 1. Let p = -38 - -44. Suppose 4*q = p - 22. Calculate r(q).
-13
Let b(q) = -q + 2 - 2. Let x be 6/(-3)*(-5 + -83). Let m = 175 - x. Give b(m).
1
Suppose -v - x - 14 = 0, 5*x = 3*x - 10. Let h(u) be the third derivative of u**6/120 + 3*u**5/20 - 13*u**3/6 - 133*u**2. Calculate h(v).
-13
Suppose 0 = -12*t - 5 - 7. Let m(k) = 33*k**3 + 2*k + 1. Give m(t).
-34
Let p be ((-18)/(-12)*5)/((-55)/(-66)). Let h(w) = w**3 - 9*w**2 - 3*w + 9. Determine h(p).
-18
Suppose 3*p - 5*l + 10 = 62, 4*p + 2*l = 26. Let q(t) = -2*t + 10. Determine q(p).
-8
Let r(w) = -w**3 - 7*w**2 - 3*w - 6. Let o(q) = q + 17. Let j(k) = -2*k - 26. Let z(s) = -5*j(s) - 7*o(s). Let i be z(-6). What is r(i)?
15
Let p(f) = -f**3 + 20*f**2 + 21*f + 1. Let n(m) = -22*m + 175. Let z be n(7). Determine p(z).
1
Suppose 2*l - 4 = i - 2*i, -20 = -5*i - 4*l. Suppose m = 10 - 3. Let p(g) = 6 + i + m - 5 - g. What is p(0)?
12
Suppose -2*d - 3*d - 5*k = -50, 4*k - 20 = 0. Suppose d = 2*g - 3. Let j(f) = 2*f**2 - 5 - 2*f**2 + f - 4*f**2 + f**3. Calculate j(g).
-1
Let n = -323 - -330. Let i(c) = -3*c + 3*c + c - 14. Calculate i(n).
-7
Suppose -3*a - 5*z - 27 = 0, a + 9 = -2*a + z. Suppose -5*k - 16 + 56 = 0. Let h(d) = d**2 + 0*d**2 + k*d - 2 - d + 1. What is h(a)?
-13
Let z = -12 - -7. Let g(i) be the second derivative of -i**7/2520 - i**6/120 - 5*i**4/12 + 8*i. Let t(d) be the third derivative of g(d). Calculate t(z).
5
Let f = -1117 + 1116. Let a(s) = 4*s**3 - s. What is a(f)?
-3
Let l(h) = -h**3 + h + 2. Suppose -4 = -k - 1. Suppose -5*j = -k*j. Calculate l(j).
2
Suppose -h - 9 = r, -2*r + 3*h - 6 = 12. Let m(k) = -k**2 - 9*k - 5. Calculate m(r).
-5
Suppose 0*g - 3*g - 1 = a, 2*a = -2. Suppose -i - 5*u - 13 = g, -2*u = -2*i + i + 8. Let m(h) = -4*h**2 + 0*h**i + 3*h + 1 + 3*h**2. Determine m(4).
-3
Let g(q) = -2*q**2 - 9*q + 3. Suppose -4*a - 24*a - 196 = 0. Calculate g(a).
-32
Suppose -9 = -3*a, 2*a = 10*k - 15*k + 11. Let s(j) = -16*j**2 - j + 1. Determine s(k).
-16
Let s(t) = 7*t**2 + 21*t + 28. Let r(v) = 10*v**2 + 32*v + 41. Let p(o) = 5*r(o) - 7*s(o). Determine p(-7).
-33
Let i(h) be the first derivative of -5 + h**3 + 3*h - 3/2*h**2 + 1/4*h**4. Let n(f) = 2*f - 4. Let j be n(0). Calculate i(j).
-1
Let l(m) be the third derivative of 13/60*m**6 + 0 + 1/24*m**4 + 0*m + 1/60*m**5 - 31*m**2 + 1/6*m**3. What is l(-1)?
-25
Let a(b) = -13*b + 4 - 2*b**2 + 32*b - 17*b. Determine a(3).
-8
Let j = -44 - -23. Let d = j + 23. Let r(k) = -3*k**d + k + 46 - 46 + 5*k**2. Determine r(-1).
1
Let r(v) = -v**3 - 18*v**2 + 21*v + 34. Let u be r(-19). Let f(a) = 2*a**2 + a - 8. Determine f(u).
20
Let j(f) = f**2 + 9*f + 5. Suppose 0 = -3*z - 5*q + 8, -35 + 5 = -4*z + 3*q. Suppose 2*s = -z - 6. What is j(s)?
-13
Let h(y) = y**3 + 4*y**2 + 3*y - 3. Suppose 0 = -4*d + 9*d + 540. Let t(r) = r**2 + 9*r + 10. Let q be t(-7). Let c be q/6*d/(-24). What is h(c)?
-3
Let a(s) = 4*s**3 + 13*s**2 + 2*s + 4. Let k be 6/(-4) - 63/18. Let r(g) = 3*g**3 + 9*g**2 + g + 3. Let b(o) = k*a(o) + 7*r(o). Calculate b(4).
21
Let r(q) = 3*q + 6. Let m be (-1)/2*(-3 + 5)*-2. Suppose 0 = 2*g - m + 10. Calculate r(g).
-6
Let i(f) = 3*f - 7. Let t be i(3). Suppose c + 10 = 5*b, c + 2*c + t*b - 4 = 0. Let v(q) = c + 1 + 0*q + 2*q - 5*q**2. What is v(2)?
-15
Let i(g) = 3*g - 5. Let d(u) = -u**3 + 7*u**2 + 2*u - 14. Let h be d(7). Suppose 3*j + 0*j + 4*c - 28 = h, -5*c = 2*j - 28. What is i(j)?
7
Let b = -16 + 26. Let c(s) = -s**3 - 5*s**2 + s - 4. Let p(w) = 3*w**3 - w**2 + 9*w - 6. Let d(n) = -2*c(n) - p(n). Determine d(b).
4
Let z(r) = -3*r - 4. Let j be z(-3). Suppose 5 + 10 = -j*b. Let s(a) be the second derivative of -a**5/20 - a**4/4 + a**3/2 + 2*a**2 - 8*a. What is s(b)?
-5
Let r(l) = 4*l**2 + 21*l + 33. Let s(v) = -50*v + v**2 - 47*v + 3 + 5 + 102*v. Let b(u) = 2*r(u) - 9*s(u). Determine b(-4).
-10
Let j(y) = 262*y - y**3 + 0*y**2 - 132*y - 7 + 7*y**2 - 132*y. Calculate j(6).
17
Let r(x) = 3*x**2 - 4 + 3*x - 4*x + 2*x + x**3 - 5*x. Let q(b) = b**2 + 7*b + 2. Let y be q(-6). Give r(y).
-4
Suppose 5*t - 1 = 4. Let m(l) = 2*l**2 - 1 + 6*l**2 - 1776*l - 1775*l + 3551*l. What is m(t)?
7
Let f(k) = -7*k + 36. Let g be f(5). Let t(h) = -9*h**3 - 2*h**2 + 2*h - 1. Calculate t(g).
-10
Let h(l) be the first derivative of 10 + 3*l - 1/2*l**2. Suppose 0 = 3*m - 0*m + 3*b - 15, -m - 3*b + 1 = 0. Give h(m).
-4
Let w(q) = -q + 5. Suppose 5*m = -2*u + 4, 43 = 2*u - m + 15. Give w(u).
-7
Let a(l) = 2*l**2 + 2*l + 5. Let d(v) be the second derivative of v**4/12 + v**3/6 + 3*v**2/2 + 54*v. Let y(w) = 3*a(w) - 5*d(w). Determine y(-4).
12
Suppose -112 = -4*z + 4*w, 67 = 4*z - 5*w - 48. Suppose 19 = -2*f + z. Let q(s) = -s + 4. Determine q(f).
1
Let o(s) = s**3 - 7*s**2 + 3*s + 7. Let z = 1145 - 1139. What is o(z)?
-11
Let k(r) = 264880*r + 5*r**2 + 1 - 264880*r. Calculate k(-1).
6
Let g(s) = -s**2 + s + 2. Let v be ((-11)/(-3) + -3)*36. Let b be v/(-40) + 4/(-10). Let k be 6/(-6) + -1 + b. Calculate g(k).
-10
Let i(j) = -3*j**2 + 3*j**2 + 1 + 6*j**2 + 4*j - 6*j. Calculate i(1).
5
Let d(q) = -2*q**2. Let m = 21 + -12. Suppose -2*w - y + m = 2*y, -5*w + 2*y + 70 = 0. Suppose 5*a + 20 = 2*u, -3*u + w = 4*a + u. Determine d(a).
-8
Let b(a) = 608*a - 704. Let q(x) = 29*x - 33. Let k(d) = 3*b(d) - 64*q(d). Calculate k(-2).
64
Let z(a) = 9 + 762*a - 1468*a + 704*a - 4. Suppose 1 = -5*c + 26. Calculate z(c).
-5
Suppose l + 11 = 2*a, -4*a + 8 = 3*l + 1. Let y(v) be the first derivative of -5/3*v**3 - v - 1/4*v**a + 4 - 1/2*v**2. Determine y(-5).
4
Suppose 2*b - 511 = -71*b. Let d(n) = -n**2 + 8*n - 7. What is d(b)?
0
Let y(n) = -n - 102 - n + 82. Determine y(-9).
-2
Let t(b) be the first derivative of -b**4/4 - 5*b**3/3 - 3*b**2/2 - 65. Determine t(-4).
-4
Let o(c) = 9*c - 21. Suppose h = -h + 6. Calculate o(h).
6
Let k(o) = -2*o + 4. Let f = -189 + 197. Calculate k(f).
-12
Let n = -34 + 50. Let m = -14 + n. Suppose -2*v + 8 = m*v. Let a(q) = 2*q**2 + 1. What is a(v)?
9
Let r be 18/(-4) - 18/(-12). Let n(u) = -7*u**2 - 3*u - 13. Let j(k) = -3*k**2 - 2*k - 6. Let b(d) = -5*j(d) + 2*n(d). Calculate b(r).
1
Let p(c) = -c**3 - 5*c**2 - 2*c + 3. Let f be p(-4). Let z(y) = -y**3 - 4*y**2 + 6*y - 3. What is z(f)?
-8
Suppose 224 = -28*b - 56. Let n(s) = 3*s + 33. Determine n(b).
3
Let s(h) be the first derivative of -1 - h**2 + 0 - h - 2 + 0. Give s(3).
-7
Let k(b) be the first derivative of -13*b**3/3 + b + 16. Let g(l) be the first derivative of l**2/2 - 2*l - 3. Let p be g(3). Determine k(p).
-12
Let j(p) = p**2 + 2*p + 4. Suppose -1 - 11 = -4*h. Calculate j(h).
19
Let q(l) = l + 10. Let y(z) = -7*z - 13. Let o be y(-3). Calculate q(o).
18
Suppose 3 = 2*d - 7. Let s(i) = 4*i**2 - 2*i + 1 + 2*i**2 + d + i**3. Calculate s(-6).
18
Let z(h) = 25*h + 1. Let n(x) = 51*x + 2. Let t(w) = -3*n(w) + 7*z(w). Determine t(-1).
-21
Let s(j) be the third derivative of -j**6/120 - j**5/10 + 5*j**4/24 - j**3 - 3*j**2 + 3*j. What is 